{"id":948,"date":"2025-01-23T14:32:15","date_gmt":"2025-01-23T13:32:15","guid":{"rendered":"https:\/\/www.leviolonsabot.com\/?page_id=948"},"modified":"2025-10-03T12:50:29","modified_gmt":"2025-10-03T10:50:29","slug":"the-houx","status":"publish","type":"page","link":"https:\/\/www.leviolonsabot.com\/index.php\/the-houx\/","title":{"rendered":"The Houx"},"content":{"rendered":"\n<h1 class=\"wp-block-heading has-text-align-center has-x-large-font-size\">The Houx<\/h1>\n\n\n\n<p>The Houx, un ensemble destin\u00e9 \u00e0 No\u00ebl et aux premi\u00e8res neiges ! <br><br>Ce trio compos\u00e9 d\u2019Alma Bucciali, Tom Freudenreich et F\u00e9lix Chaillou propose des airs de No\u00ebl d\u2019Alsace et d\u2019ailleurs, arrang\u00e9s pour divers instruments (violon, vielle \u00e0 roue, mandole, violoncelle, voix, fers \u00e0 cheval\u2026)<\/p>\n\n\n\n<div class=\"wp-block-media-text is-stacked-on-mobile\"><figure class=\"wp-block-media-text__media\"><img loading=\"lazy\" decoding=\"async\" width=\"1024\" height=\"841\" src=\"https:\/\/www.leviolonsabot.com\/wp-content\/uploads\/2025\/10\/WhatsApp-Image-2024-07-04-a-15.10.23_b920c8a8-2-1024x841.jpg\" alt=\"\" class=\"wp-image-1052 size-full\" srcset=\"https:\/\/www.leviolonsabot.com\/wp-content\/uploads\/2025\/10\/WhatsApp-Image-2024-07-04-a-15.10.23_b920c8a8-2-1024x841.jpg 1024w, https:\/\/www.leviolonsabot.com\/wp-content\/uploads\/2025\/10\/WhatsApp-Image-2024-07-04-a-15.10.23_b920c8a8-2-300x246.jpg 300w, https:\/\/www.leviolonsabot.com\/wp-content\/uploads\/2025\/10\/WhatsApp-Image-2024-07-04-a-15.10.23_b920c8a8-2-768x631.jpg 768w, https:\/\/www.leviolonsabot.com\/wp-content\/uploads\/2025\/10\/WhatsApp-Image-2024-07-04-a-15.10.23_b920c8a8-2-1536x1261.jpg 1536w, https:\/\/www.leviolonsabot.com\/wp-content\/uploads\/2025\/10\/WhatsApp-Image-2024-07-04-a-15.10.23_b920c8a8-2.jpg 1600w\" sizes=\"auto, (max-width: 1024px) 100vw, 1024px\" \/><\/figure><div class=\"wp-block-media-text__content\">\n<p><\/p>\n\n\n<p><iframe style=\"border: 0; width: 350px; height: 470px;\" src=\"https:\/\/bandcamp.com\/EmbeddedPlayer\/album=3457318558\/size=large\/bgcol=ffffff\/linkcol=0687f5\/tracklist=false\/track=3479652733\/transparent=true\/\" seamless><a href=\"https:\/\/codario.bandcamp.com\/album\/the-houx-pistes-d-mo\" target=\"_blank\" rel=\"noopener\">The Houx &#8211; Pistes d\u00e9mo de The Houx<\/a><\/iframe><\/p>\n<\/div><\/div>\n","protected":false},"excerpt":{"rendered":"<p>The Houx The Houx, un ensemble destin\u00e9 \u00e0 No\u00ebl et aux premi\u00e8res neiges ! Ce trio compos\u00e9 d\u2019Alma Bucciali, Tom Freudenreich et F\u00e9lix Chaillou propose des airs de No\u00ebl d\u2019Alsace et d\u2019ailleurs, arrang\u00e9s pour divers instruments (violon, vielle \u00e0 roue, mandole, violoncelle, voix, fers \u00e0 cheval\u2026)<\/p>\n","protected":false},"author":1,"featured_media":0,"parent":0,"menu_order":0,"comment_status":"closed","ping_status":"closed","template":"","meta":{"neve_meta_sidebar":"","neve_meta_container":"","neve_meta_enable_content_width":"","neve_meta_content_width":0,"neve_meta_title_alignment":"","neve_meta_author_avatar":"","neve_post_elements_order":"","neve_meta_disable_header":"","neve_meta_disable_footer":"","neve_meta_disable_title":"","footnotes":""},"class_list":["post-948","page","type-page","status-publish","hentry"],"_links":{"self":[{"href":"https:\/\/www.leviolonsabot.com\/index.php\/wp-json\/wp\/v2\/pages\/948","targetHints":{"allow":["GET"]}}],"collection":[{"href":"https:\/\/www.leviolonsabot.com\/index.php\/wp-json\/wp\/v2\/pages"}],"about":[{"href":"https:\/\/www.leviolonsabot.com\/index.php\/wp-json\/wp\/v2\/types\/page"}],"author":[{"embeddable":true,"href":"https:\/\/www.leviolonsabot.com\/index.php\/wp-json\/wp\/v2\/users\/1"}],"replies":[{"embeddable":true,"href":"https:\/\/www.leviolonsabot.com\/index.php\/wp-json\/wp\/v2\/comments?post=948"}],"version-history":[{"count":9,"href":"https:\/\/www.leviolonsabot.com\/index.php\/wp-json\/wp\/v2\/pages\/948\/revisions"}],"predecessor-version":[{"id":1064,"href":"https:\/\/www.leviolonsabot.com\/index.php\/wp-json\/wp\/v2\/pages\/948\/revisions\/1064"}],"wp:attachment":[{"href":"https:\/\/www.leviolonsabot.com\/index.php\/wp-json\/wp\/v2\/media?parent=948"}],"curies":[{"name":"wp","href":"https:\/\/api.w.org\/{rel}","templated":true}]}}